7
Calculate the highest common factor of 3366 and 8982.
18
Calculate the highest common divisor of 11 and 3817.
11
What is the highest common divisor of 14 and 691754?
14
Calculate the greatest common divisor of 196 and 131418.
98
What is the highest common divisor of 24 and 16248?
24
What is the highest common divisor of 43254 and 59130?
162
Calculate the greatest common factor of 15488 and 33.
11
What is the highest common factor of 1960 and 12960?
40
Calculate the greatest common factor of 98 and 3431862.
98
Calculate the highest common divisor of 42780 and 4680.
60
What is the highest common divisor of 677 and 91395?
677
Calculate the greatest common factor of 2235 and 16155.
15
Calculate the greatest common factor of 10153 and 14729.
143
Calculate the highest common factor of 4697350 and 700.
350
Calculate the greatest common factor of 1965488 and 322.
322
What is the highest common divisor of 5340 and 1536?
12
What is the highest common factor of 3138750 and 31?
31
Calculate the greatest common divisor of 63294 and 99.
33
What is the highest common divisor of 145010 and 34?
34
What is the greatest common factor of 12337 and 1352?
169
What is the greatest common divisor of 11118 and 63111?
327
Calculate the highest common divisor of 594 and 1474.
22
What is the greatest common factor of 120076 and 44?
44
Calculate the greatest common factor of 10060 and 280.
20
Calculate the greatest common divisor of 90 and 6294.
6
What is the greatest common factor of 114 and 90098?
38
What is the greatest common factor of 43766 and 790?
158
What is the highest common divisor of 78058 and 558?
62
What is the greatest common factor of 3604 and 204?
68
What is the highest common factor of 334 and 1631089?
167
What is the highest common divisor of 430703 and 21?
7
What is the highest common factor of 47124 and 2178?
198
Calculate the greatest common factor of 73187 and 16613.
449
Calculate the greatest common divisor of 18 and 2496.
6
Calculate the greatest common factor of 872 and 376.
8
Calculate the greatest common divisor of 357918 and 1496.
374
Calculate the greatest common divisor of 212463 and 61.
61
Calculate the highest common divisor of 34 and 135014.
34
What is the greatest common factor of 407600 and 1168?
16
Calculate the greatest common divisor of 410665 and 575.
115
Calculate the highest common factor of 1636 and 1048267.
409
Calculate the highest common factor of 4729 and 2.
1
Calculate the highest common factor of 12 and 2037.
3
What is the greatest common divisor of 7392 and 16544?
352
Calculate the highest common factor of 294 and 37828.
98
Calculate the greatest common factor of 130914 and 2772.
126
Calculate the highest common factor of 34571 and 1448.
181
What is the greatest common factor of 115756 and 44?
4
What is the highest common divisor of 6438 and 6264?
174
Calculate the greatest common divisor of 752 and 192794.
94
What is the highest common divisor of 3102 and 7269537?
1551
Calculate the greatest common divisor of 798708 and 808.
404
What is the greatest common divisor of 513 and 329289?
57
Calculate the highest common divisor of 30532 and 136.
68
What is the highest common factor of 132729 and 6795?
453
What is the greatest common divisor of 2264 and 1008?
8
What is the highest common factor of 195323 and 629?
37
Calculate the highest common factor of 81 and 17811.
9
Calculate the highest common divisor of 1590246 and 12020.
1202
Calculate the highest common factor of 5306958 and 282.
282
Calculate the greatest common factor of 1010 and 30.
10
Calculate the highest common divisor of 2154 and 99443.
359
What is the highest common factor of 64791 and 27231?
939
Calculate the greatest common factor of 26 and 1039207.
13
What is the greatest common divisor of 2925 and 52500?
75
Calculate the greatest common factor of 141300 and 9.
9
Calculate the highest common factor of 8050 and 15778.
322
What is the greatest common factor of 5840 and 355364?
292
What is the highest common factor of 217 and 93124?
31
Calculate the greatest common divisor of 518 and 33684.
14
What is the highest common divisor of 11125 and 91000?
125
What is the greatest common divisor of 106488 and 3828?
348
Calculate the highest common divisor of 27 and 2275101.
27
Calculate the highest common factor of 160 and 9445.
5
Calculate the highest common divisor of 196 and 1855.
7
What is the greatest common factor of 275 and 173745?
55
What is the greatest common divisor of 92370 and 30?
30
Calculate the highest common divisor of 850 and 122434.
34
Calculate the highest common divisor of 2059 and 235791.
71
Calculate the highest common factor of 72 and 33444.
36
What is the greatest common divisor of 169 and 89557?
13
What is the greatest common divisor of 264 and 192?
24
Calculate the greatest common divisor of 38 and 18339.
1
What is the highest common divisor of 36 and 220086?
18
Calculate the highest common factor of 10045 and 595.
35
What is the greatest common divisor of 6400 and 880?
80
What is the greatest common divisor of 24 and 5415?
3
Calculate the greatest common factor of 162 and 49338.
18
Calculate the highest common divisor of 711696 and 144.
48
What is the highest common factor of 38970 and 1170?
90
Calculate the greatest common divisor of 1369 and 28675.
37
Calculate the highest common factor of 1941 and 49.
1
Calculate the highest common factor of 843581 and 2755.
551
Calculate the highest common divisor of 2247 and 28569.
321
Calculate the highest common factor of 17626 and 1960.
14
Calculate the greatest common divisor of 10008 and 126.
18
What is the greatest common factor of 392 and 124544?
56
What is the highest common factor of 1652 and 98812?
28
What is the greatest common factor of 1359152 and 16?
16
Calculate the greatest common factor of 101088 and 8352.
288
What is the greatest common factor of 52115 and 1120?
35
Calculate the highest common factor of 576 and 35040.
96
Calculate the greatest common factor of 1951016 and 248.
248
Calculate the highest common divisor of 1068445 and 343.
343
Calculate the highest common factor of 196 and 22652.
28
What is the highest common factor of 145145 and 539?
77
Calculate the highest common divisor of 43736 and 1540.
308
What is the greatest common factor of 260 and 192460?
20
Calculate the highest common divisor of 97536 and 1136.
16
What is the highest common factor of 25479 and 170829?
171
Calculate the greatest common factor of 693293 and 106.
53
What is the highest common factor of 256 and 5633792?
256
Calculate the greatest common divisor of 112332 and 792.
132
What is the highest common divisor of 12024 and 2505?
501
Calculate the highest common divisor of 84490 and 170.
170
Calculate the highest common divisor of 126 and 3561978.
42
What is the greatest common divisor of 80 and 58120?
40
Calculate the greatest common factor of 209168 and 22301.
769
What is the greatest common divisor of 329632 and 32?
32
Calculate the highest common divisor of 67796 and 1156.
68
Calculate the greatest common factor of 6741 and 297888.
321
What is the greatest common divisor of 8 and 23704?
8
Calculate the highest common factor of 3653 and 470675.
281
Calculate the greatest common factor of 130 and 8710.
130
What is the greatest common divisor of 110740 and 40?
20
Calculate the highest common factor of 17 and 12631.
17
What is the highest common factor of 23751 and 189?
63
Calculate the greatest common divisor of 322 and 38341.
23
What is the greatest common factor of 16997 and 1817?
23
What is the highest common factor of 546528 and 288?
96
Calculate the highest common divisor of 8404 and 110.
22
Calculate the greatest common factor of 1024 and 15328.
32
Calculate the highest common factor of 149685 and 1020.
255
What is the highest common divisor of 20 and 430420?
20
Calculate the highest common factor of 14 and 56574.
14
Calculate the highest common factor of 1426 and 11098.
62
What is the highest common factor of 23065 and 2065?
35
What is the greatest common divisor of 7910 and 140?
70
Calculate the greatest common divisor of 632436 and 36.
12
Calculate the greatest common divisor of 518 and 161098.
518
What is the greatest common factor of 111 and 41736?
111
What is the highest common factor of 2